**3 + 12*m**2 + 12*m + 14. Let f = 23 + -33. What are the prime factors of i(f)?
2, 47
Let b = 30 - 28. Suppose 4*u = -d - 14, -3*u + 2*d = -0*u + 16. What are the prime factors of -1*b + (1 - u)?
3
Let b be 2 - ((-435)/4 + (-9)/36). Let j = 55 + b. What are the prime factors of j?
2, 83
Let n = -313 + 619. What are the prime factors of n?
2, 3, 17
List the prime factors of (-3 - (820/(-6))/(-2))*-3.
2, 107
Suppose -2*a - 2 = -y, 1 - 7 = 4*y - a. List the prime factors of ((117/y)/3)/((-6)/32).
2, 13
Suppose 0 = 17*t - 13*t - 492. What are the prime factors of t?
3, 41
Suppose 7*c - 5*c - 1778 = z, 3*z + 3554 = 4*c. List the prime factors of c.
2, 5, 89
Let m be 4 - 14/(-3 + 2). Let k = m - -46. Let f = -30 + k. What are the prime factors of f?
2, 17
Let f = 11 + -5. Let m be (14/f)/(1/(-9)). Let w = 46 + m. What are the prime factors of w?
5
Let t(o) = 2 - 4 - 2*o + o + 1 + o**2. Let k(y) = 5*y**2 - 12*y - 9. Let c(u) = k(u) - 6*t(u). What are the prime factors of c(-4)?
5
Let a(p) = 12*p**3 + 27*p**2 - 33*p + 2. What are the prime factors of a(6)?
2, 421
Suppose 0 = -5*n + 26 - 11. Suppose -3*t + 4*z + 536 = 2, n*z + 183 = t. List the prime factors of t.
2, 3, 29
Let d be -10 + 3/9 + (-3)/9. Let f(n) = n**2 + 4*n - 4. What are the prime factors of f(d)?
2, 7
Let v = 4929 - 1722. What are the prime factors of v?
3, 1069
Suppose 2 = -2*n, -3*a + n + 927 = -1. What are the prime factors of a?
3, 103
Suppose -5*m + 31 + 9 = 0. Suppose -5*k = -m*k + 27. List the prime factors of k.
3
Let u be 67/(0 - 5/(-15)). Suppose -8*w = -11*w + u. What are the prime factors of w?
67
Let f = 100 - -447. List the prime factors of f.
547
List the prime factors of 11/22 - (-337)/2.
13
Suppose -2*d = r - 2, d - 2*d = -4*r + 8. Let b = 5 - r. Suppose -a + b*a - 84 = 0. List the prime factors of a.
2, 3, 7
Let l = -44 + 49. Suppose 4*y + 8*o - 469 = 3*o, l*y - 4*o = 617. List the prime factors of y.
11
Let t = 34 + -24. Suppose 0 = 3*d - t - 2. Let g(f) = -f**2 + 7*f + 4. What are the prime factors of g(d)?
2
Let a(o) be the third derivative of -o**4/24 - 6*o**2. Let q be a(4). Let b = 17 + q. What are the prime factors of b?
13
Suppose 23*v = 14*v. Suppose 2*n + v*n = 58. List the prime factors of n.
29
Let v(g) = g + 17. Let h = -30 + 15. What are the prime factors of v(h)?
2
Let t(c) = c**2 - 13*c - 23. Let v be t(16). Let o = v - 17. Suppose f - 80 = -f - 2*x, -o = -4*x. What are the prime factors of f?
2, 19
Suppose -5*t - 13 = -93. Let f = -13 + t. List the prime factors of f.
3
Suppose 5*p - 3*p + 3*a - 954 = 0, 4*p + 2*a - 1916 = 0. List the prime factors of p.
2, 3, 5
Suppose -5*b = 3 - 13. Suppose -122 = -2*x - 5*v, -5*x = b*v - 3*v - 305. What are the prime factors of x?
61
Let t = 531 - 221. Suppose -5*a - g + 146 = -646, 2*a = 3*g + t. What are the prime factors of a?
2, 79
Let i(b) = -1. Let y(o) = o - 18. Let j(c) = 5*i(c) - y(c). Let z be j(11). Suppose 0*d + 12 = 2*d + 2*n, z*n = -d + 5. What are the prime factors of d?
7
Suppose -2*y + 2*m + 1332 = 0, 43*y - 47*y + 2674 = m. List the prime factors of y.
2, 167
Suppose -d + 82 = 2*r - 4*d, 4*r + 5*d = 120. What are the prime factors of r?
5, 7
Suppose 4*u - 5*u + 2744 = -2*p, 4*u - 10994 = -p. What are the prime factors of u?
2, 3, 229
Suppose -71 + 17 = -3*z + 4*s, 0 = -5*z + 2*s + 104. Suppose -21*a = -z*a - 356. List the prime factors of (-6)/(-15) - a/10.
2, 3
Let y(o) = -o**2 - 6*o + 10. Let w be y(-7). Suppose -w*p + 137 = 5. What are the prime factors of p?
2, 11
Suppose -9*n + 7*n + 26 = 0. Let g be (-6)/(-39) - (-50)/n. Suppose g*f - 160 = -3*c - f, 4*f = 2*c - 114. What are the prime factors of c?
5, 11
Suppose 51*y + 431 = 52*y. List the prime factors of y.
431
Let w be (-5 - -4)*(1 + -1). Suppose 0 = -5*x - 2*m + 304, w = -5*x + 3*m + 2*m + 290. Let j = x - 27. List the prime factors of j.
3, 11
Let l be 12/((-2 + 0)*-1). Let a be -2*(-21)/l*2. Suppose p - 4 - a = 0. List the prime factors of p.
2, 3
Let l(a) = -a**3 + a**2 + a + 3. Let g = 26 - 30. What are the prime factors of l(g)?
79
Let c(k) = 203*k**3 - 4*k**2 + 5*k. List the prime factors of c(1).
2, 3, 17
What are the prime factors of 3/(-21) + (-127182)/(-287)?
443
Suppose -13*q - 4985 = -16191. What are the prime factors of q?
2, 431
Let k = -700 - -1078. What are the prime factors of k?
2, 3, 7
Let t(u) = -u + 4. Let f be t(2). Suppose 60 = f*w - 3*i, -5*w = -w - 4*i - 116. List the prime factors of 43/9 + 6/w.
5
What are the prime factors of (((-62216)/(-35))/11)/((-4)/(-10))?
2, 101
Suppose -6*c - 24 = -9*c. Suppose -2*f + 20 = -3*d, -3*f + d + c = -22. Suppose 3*v = v + f. List the prime factors of v.
5
Suppose 0 = 3*k - 5*p - 28 - 1, -4*p = k - 21. What are the prime factors of k?
13
Let d = 163 - 40. List the prime factors of d.
3, 41
Let w = -33 - 31. Let b = 26 - w. What are the prime factors of b?
2, 3, 5
Let c be 1269/18*(-4)/(-6). Suppose j = 19 + c. What are the prime factors of j?
2, 3, 11
Suppose z + 100 = 2*z. Let k = 182 - z. Suppose -2*d = -4*u - 16, -28 = 5*d + 4*u - k. List the prime factors of d.
2, 5
Suppose -3*m + 29 = 29. Suppose u - 4*f - 24 = 23, -5*u + 3*f + 286 = m. List the prime factors of u.
59
Suppose -4 = 2*t - 36. Suppose 4*v = 3*v - 2*l + 8, 5*v - t = -2*l. Suppose 4*n = v*n + 18. List the prime factors of n.
3
Suppose 0 = -62*j + 32645 - 3257. List the prime factors of j.
2, 3, 79
Suppose -n = 2*s, -3*n - s = 2*s. Suppose n = 2*w + 5*k + 10, -w - 5 = k - 3. Suppose -4*t + 4*g + 13 = -3, w = 2*t - 4*g. List the prime factors of t.
2
Suppose b - 2 - 58 = 0. Let u = b - 42. What are the prime factors of u?
2, 3
Let a(w) = -w**3. Let i be a(-1). Suppose i = t - 7. Let k = t - 4. List the prime factors of k.
2
Suppose 4*d - 22 = -3*r - 0*d, 5*d = 2*r + 16. Suppose -r*f + 9 = 5. List the prime factors of f/(-6) + 208/12.
17
Suppose -2*l = -5*l + 138. What are the prime factors of 3 - 0 - l/(-2)?
2, 13
What are the prime factors of (-1)/3*-12*158?
2, 79
Let r = -41 - -41. Suppose -f - y = y - 68, 3*y + 9 = r. List the prime factors of f.
2, 37
Suppose -5*c = -5*k - 0*k + 15, -20 = 5*k + 2*c. Let p be 4/(-2) - k - 0. Let y = 14 - p. List the prime factors of y.
2, 7
Let j = 8 + -6. Suppose 2*p - 8 = -4*a + 3*a, -2*a = j*p - 12. List the prime factors of (-3)/a + (-71)/(-4).
17
Let b = -147 + 795. List the prime factors of b.
2, 3
Let i(u) = 2*u - 5. Let f be i(5). Let v = 15 - f. Suppose -4*k + 2*k = -v. What are the prime factors of k?
5
Let j be (3 - (-1)/1)*3. Let d be (-93)/(-12) - (-3)/j. Suppose 0 = f - d - 2. List the prime factors of f.
2, 5
Let u = -396 + 1567. What are the prime factors of u?
1171
List the prime factors of (-1 - 3) + 105 + 1 + 1.
103
Let z = -9 + 13. Suppose -7*b - 3 = -z*b. What are the prime factors of 1 - (b - (1 - -2))?
5
Let y be ((-17)/(-2))/(1/(-2)). Suppose -72*a + 77*a = -25. Let f = a - y. List the prime factors of f.
2, 3
Let f = 5790 + -3616. List the prime factors of f.
2, 1087
Let i(r) be the third derivative of -r**6/120 + 7*r**5/60 - 5*r**4/24 - 5*r**3/6 - 3*r**2. Let s be i(6). What are the prime factors of s/(-3 - 34/(-11))?
11
Let v be (4/2 - 2)/1. Suppose -r - 4*u + 24 = 2*r, -5*u = -15. Let w = v + r. What are the prime factors of w?
2
Let s(h) = 14*h - 13. Let m be s(-4). Let c = m + 202. What are the prime factors of c?
7, 19
Suppose -7*n - 3354 = -13*n. Let t = n + -271. What are the prime factors of t?
2, 3
What are the prime factors of -60 + 2373 - -3*3?
2, 3, 43
Suppose 15 = 2*c + c. Suppose -3*o - c*u + 7 = -4, 5*u = -o + 7. Suppose 4*y + 8 = 0, o*x - y - 20 = y. What are the prime factors of x?
2
Suppose 4*r - t - 2546 = 0, 0 = -3*r + 2*r + t + 638. Suppose -7*g = 139 - r. List the prime factors of g.
71
Let d = -52 - -51. What are the prime factors of d*53*(-9)/9?
53
Let j = 2155 - 1445. List the prime factors of j.
2, 5, 71
Let k be (-651)/(-15) - (-12)/20. Let s = -16 + k. What are the prime factors of s?
2, 7
Suppose 3*p + 4*t = -1, 2*p - 18 = -0*p + 2*t. Suppose -4*a + 245 = 5*q - 10*q, p*a = 2*q + 285. What are the prime factors of a?
5, 11
Let u(j) = -2*j**3 - 2*j**2 + 5*j + 7. Let q be u(-2). Suppose d + 2*d + 601 = 5*r, q*r + d = 613. List the prime factors of r.
2, 61
Let b be (-80)/(-24) - 2/(-3). Suppose -b*d + 4*s = -476, -4*d 